{"id":315,"date":"2021-04-25T15:25:42","date_gmt":"2021-04-25T13:25:42","guid":{"rendered":"https:\/\/wito-verlag.at\/wordpress\/?post_type=product&#038;p=315"},"modified":"2021-05-02T21:20:25","modified_gmt":"2021-05-02T19:20:25","slug":"das-kohaerente-begabungsmodell","status":"publish","type":"product","link":"https:\/\/wito-verlag.at\/wordpress\/?product=das-kohaerente-begabungsmodell","title":{"rendered":"Das Koh\u00e4rente Begabungsmodell"},"content":{"rendered":"<p><strong>Das Koh\u00e4rente Begabungsmodell. Begabungsf\u00f6rderung auf der Mikro-, Meso- und Makroebene.<\/strong><\/p>\n<p>Wie kann systemisch-konstruktivistische Begabungsf\u00f6rderung konzipiert werden?<\/p>\n<p>In diesem Buch wird das Koh\u00e4rente Begabungsmodell als Grundlage f\u00fcr ganzheitliche F\u00f6rderung vorgestellt. Das dreidimensionale Modell gibt einen Einblick in aktuelle Ergebnisse aus der Begabungsforschung.<\/p>\n<p>&nbsp;<\/p>\n<p>Bestellte B\u00fccher werden innerhalb von \u00d6sterreich <strong>versandkostenfrei<\/strong> verschickt.<\/p>\n<ul>\n<li>Autorin: Elisabeth Engberding<\/li>\n<li>Sprache: Deutsch<\/li>\n<li>83 Seiten; Format A4, 11 Abbildungen<\/li>\n<li>Grafik: Andreas Aust<\/li>\n<li>ISBN 978-3-200-07640-2<\/li>\n<\/ul>\n","protected":false},"excerpt":{"rendered":"<p>Das Koh\u00e4rente Begabungsmodell. Begabungsf\u00f6rderung auf der Mikro-, Meso- und Makroebene. Wie kann systemisch-konstruktivistische Begabungsf\u00f6rderung konzipiert werden? In diesem Buch wird das Koh\u00e4rente Begabungsmodell als Grundlage f\u00fcr ganzheitliche F\u00f6rderung vorgestellt. Das dreidimensionale Modell gibt einen Einblick in aktuelle Ergebnisse aus der Begabungsforschung. &nbsp; Bestellte B\u00fccher werden innerhalb von \u00d6sterreich versandkostenfrei verschickt. Autorin: Elisabeth Engberding Sprache: Deutsch<\/p>\n<div class=\"more-link\">\n             <a href=\"https:\/\/wito-verlag.at\/wordpress\/?product=das-kohaerente-begabungsmodell\" class=\"link-btn\"><span>Weiterlesen <\/span><i class=\"icofont-thin-double-right\"><\/i><\/a>\n        <\/div>\n","protected":false},"featured_media":320,"template":"","meta":{"jetpack_post_was_ever_published":false,"jetpack_publicize_message":"","jetpack_publicize_feature_enabled":true,"jetpack_social_post_already_shared":true,"jetpack_social_options":{"image_generator_settings":{"template":"highway","enabled":false},"version":2}},"product_cat":[27],"product_tag":[28,32,36,29,33,37,34,35],"class_list":{"0":"post-315","1":"product","2":"type-product","3":"status-publish","4":"has-post-thumbnail","6":"product_cat-schule-und-bildung","7":"product_tag-begabung","8":"product_tag-begabungsmodell","9":"product_tag-bildung","10":"product_tag-foerderung","11":"product_tag-forschung","12":"product_tag-hochbegabung","13":"product_tag-kohaerente-begabungsmodell","14":"product_tag-schule","16":"first","17":"instock","18":"purchasable","19":"product-type-simple"},"jetpack_publicize_connections":[],"jetpack_sharing_enabled":true,"jetpack-related-posts":[],"_links":{"self":[{"href":"https:\/\/wito-verlag.at\/wordpress\/index.php?rest_route=\/wp\/v2\/product\/315"}],"collection":[{"href":"https:\/\/wito-verlag.at\/wordpress\/index.php?rest_route=\/wp\/v2\/product"}],"about":[{"href":"https:\/\/wito-verlag.at\/wordpress\/index.php?rest_route=\/wp\/v2\/types\/product"}],"wp:featuredmedia":[{"embeddable":true,"href":"https:\/\/wito-verlag.at\/wordpress\/index.php?rest_route=\/wp\/v2\/media\/320"}],"wp:attachment":[{"href":"https:\/\/wito-verlag.at\/wordpress\/index.php?rest_route=%2Fwp%2Fv2%2Fmedia&parent=315"}],"wp:term":[{"taxonomy":"product_cat","embeddable":true,"href":"https:\/\/wito-verlag.at\/wordpress\/index.php?rest_route=%2Fwp%2Fv2%2Fproduct_cat&post=315"},{"taxonomy":"product_tag","embeddable":true,"href":"https:\/\/wito-verlag.at\/wordpress\/index.php?rest_route=%2Fwp%2Fv2%2Fproduct_tag&post=315"}],"curies":[{"name":"wp","href":"https:\/\/api.w.org\/{rel}","templated":true}]}}